e greatest common divisor of 14601 and x.
93
Let d be -4*35*10/(-200). Let v be (-18)/4*266/(-3). Calculate the highest common factor of d and v.
7
Let u(b) = b**3 - 20*b**2 - 23*b + 25. Let k be u(21). Let t = k + 72. Let y be ((-1)/((-4)/3))/(t/2640). What is the greatest common divisor of y and 4?
4
Let t(r) = -r - 6. Let k be t(-9). Let d be 55/19 + 12/114. Suppose 0 = -5*a - o - k*o + 268, o - 165 = -d*a. What is the greatest common divisor of a and 14?
14
Let n(k) = -36*k + 3*k**2 - 6 + 52*k - 21*k. Let z be n(-1). What is the greatest common divisor of 62 and z?
2
Suppose t = -3*m - 140, 3*t = -5*m - t - 245. Let w = m - -58. Calculate the greatest common factor of 117 and w.
13
Suppose -2888 = -3*w + s, -3850 = -4*w + 17*s - 15*s. Calculate the greatest common divisor of 535 and w.
107
Let j(g) = -3*g**3 - 45*g**2 + 297*g - 12. Let r be j(-20). Calculate the greatest common factor of 1296 and r.
48
Suppose 2*u = -u + 51. Suppose -5*m = -z - 258, -3*m - 5*z + 4*z + 150 = 0. What is the greatest common factor of m and u?
17
Let f(t) = t**2 + 93*t + 1808. Let w be f(-25). Calculate the highest common factor of w and 228.
12
Let f be ((-1)/(-2))/(5/(-720)). Let p = 5 - f. Suppose -2*y = 4*v - 5*y - 35, 2*y - 39 = -3*v. What is the greatest common divisor of p and v?
11
Suppose 0 = 2*w - 3*w - p + 873, 0 = 4*w + 3*p - 3488. What is the highest common factor of w and 158?
79
Let l = 1312 - 1359. Suppose -m + 5*t = 32, -163 - 90 = 4*m + 5*t. Let p = l - m. Calculate the greatest common factor of 45 and p.
5
Let b(i) = 2*i**2 - 277*i - 2232. Let w be b(-8). What is the highest common factor of 854 and w?
14
Let j = -440 - -456. Let f(z) = 2*z**2 + 16*z + 15. Let a be f(-10). Let n = a + -31. What is the greatest common divisor of n and j?
8
Let m(v) = -18 + 6 + 6 + 9*v**2 + 3 + v**3 + 2*v. Let d be m(-7). Let o be 4/(8/27)*2. Calculate the greatest common divisor of d and o.
27
Let x be (0 - -1)/(-1)*-105. Let m = -127 - -8. Let l = -104 - m. Calculate the greatest common factor of l and x.
15
Suppose -5*u - 4*y = -20508, 3*u - 3*y - 7585 = 4763. What is the greatest common factor of u and 1264?
316
Let h = 4698 - 4683. Calculate the greatest common divisor of h and 2985.
15
Suppose -4*k = 12*l - 1164, 13*l = 2*k + 8*l - 604. Calculate the highest common factor of 1062 and k.
9
Suppose -m = -2*z + 529, -10*z = -5*z + 5*m - 1345. What is the greatest common factor of z and 4046?
14
Let m(w) = -237*w - 895. Let k be m(-4). Calculate the highest common factor of 5353 and k.
53
Suppose 96 = -48*x + 16*x. Let q = 11 - x. Calculate the greatest common divisor of 154 and q.
14
Suppose q + 24 = -4*j + 19, 5*q - j = 80. Let w(g) = 182*g**2 - 2*g - 1. Let r be w(-1). Let x = r + -108. What is the greatest common divisor of x and q?
15
Suppose -11*y = -6*y + 4*r - 6065, -y + r + 1204 = 0. What is the highest common factor of y and 507?
39
Suppose -d - z + 2277 = 0, -5*d - 4*z = -6*d + 2267. Calculate the highest common divisor of 175 and d.
175
Suppose 0 = -10*u + 17 + 33. Let r be -1 - -2 - (-2 + u + -27). Suppose 5*q - 160 = 465. What is the greatest common divisor of q and r?
25
Let m(k) = -k**3 - 13*k**2 - 4*k - 18. Let n be m(-13). Suppose 2*r - n = 4*r. Let q = 31 + r. Calculate the greatest common divisor of 42 and q.
14
Let y = -34993 - -38542. Calculate the highest common factor of 364 and y.
91
Let d be 465 + (498/581)/(3/(-42)). Calculate the greatest common divisor of 15251 and d.
151
Let z = 141 + -141. Suppose z = 17*f - 2*f + 1845. Let u be (2 + f/(-12))/((-2)/(-8)). What is the greatest common divisor of u and 21?
7
Suppose 2*x - 6*x = -2*n - 26, 0 = -n - 5*x + 8. Let g be n/(2*(-2)/12). Let o be 3/5*(g + 9). Calculate the highest common divisor of o and 162.
18
Let f = 474 + -450. What is the highest common divisor of 396 and f?
12
Let u(d) = -10*d + 1117. Let k be u(34). What is the greatest common divisor of k and 42?
21
Suppose -4*x - 3 = -275. Suppose j = -16*j + 697. Suppose -6*b = -61 - j. Calculate the highest common divisor of x and b.
17
Let q = 2763 + -2543. Calculate the highest common divisor of q and 1280.
20
Suppose 3*r = 5*o - 51, -r - 3*o + 21 = -2*r. Let p = r + 22. Calculate the greatest common factor of 340 and p.
10
Let z = 1370 - 892. Suppose -5*u = 15, -3*d = 4*u - z + 70. What is the greatest common factor of d and 105?
35
Suppose 165*l + 236900 = 280*l. Calculate the greatest common factor of 25 and l.
5
Let h(y) = 181*y**3 - 3*y**2 + 45*y - 311. Let d be h(5). What is the highest common factor of d and 78?
78
Suppose 0 = -66*p - 503 + 757 + 538. Calculate the highest common factor of p and 1256.
4
Let x = -5021 + 5043. Suppose 3*p + 4*t = 1258, 0*p - p + 416 = -2*t. Calculate the greatest common divisor of x and p.
22
Suppose 146*r - 1653 = -1069. Let k(w) = 3*w + 4. Let i be k(7). Let s be (-1)/2 + i/2. What is the greatest common factor of s and r?
4
Suppose -m - 5*h + 9 = 0, 0 = 4*m - 0*h + 5*h - 51. Suppose 18*x - 3984 = -12534. Let u = 477 + x. Calculate the highest common divisor of m and u.
2
Let z(d) = -d**3 - 16*d**2 + 118*d + 12. Let u be z(-22). What is the greatest common factor of u and 700?
20
Suppose -9*x - b = -92, -2*x + 3*b = -65 + 22. Let s(f) = 1 + 5 - 17*f - 4. Let q be s(-7). Calculate the greatest common divisor of q and x.
11
Suppose 0 = 4*p + 4*q + 20, 2*q - 7*q - 25 = p. Suppose -24*o - 7*o + 7192 = p. What is the highest common divisor of 174 and o?
58
Let t(s) = -3*s + 65. Let u be t(20). Let w be u/(7 + -2) - -5. Suppose -w*i - 609 = -13*i. What is the greatest common divisor of 29 and i?
29
Suppose -q = -5 + 1. Let w = 3173 + -3057. Calculate the greatest common factor of w and q.
4
Let y be 10224 + -41 + 22 + 26. Calculate the greatest common factor of y and 13.
13
Let t = 13 - 5. Let i = 21183 - 21143. Calculate the highest common factor of t and i.
8
Let h(j) = -2*j**2 - 69*j - 4. Let o(a) = 2*a**2 + 68*a + 3. Let l(z) = 6*h(z) + 7*o(z). Let y be l(-33). What is the greatest common divisor of y and 172?
43
Let i = -297 + 1151. Suppose i - 4418 = -11*j. Calculate the highest common factor of 36 and j.
36
Suppose 4*a = 6*b - 766 - 15594, 10900 = 4*b - 4*a. Calculate the highest common factor of b and 210.
210
Let k(q) = -q - 59. Let x be k(-27). Let l = x + 48. What is the greatest common factor of 8 and l?
8
Suppose -37*c + 18 = -36*c. Let l be ((-10)/(-8))/(c/1080). Calculate the highest common divisor of 600 and l.
75
Let u = 165 - 163. Suppose 4*t + 2*f = 96, -38 = -u*t + 2*f - 2. Calculate the greatest common factor of 165 and t.
11
Let s be (-12 - -6)/18*-6. Suppose 5*h - 71 = s*o + 287, -76 = -h - 4*o. What is the highest common divisor of 396 and h?
36
Let i be 554/5*16005/582. Calculate the highest common factor of 1385 and i.
277
Let x be 2/8 + (-17019)/(-244). Calculate the highest common factor of 14 and x.
14
Let a(g) = g**3 + 14*g**2 + 10*g - 10. Let l = 244 + -257. Let q be a(l). What is the greatest common factor of 377 and q?
29
Let m(l) = -l**3 + 27*l**2 - 8*l - 84. Let s be m(11). Calculate the greatest common divisor of 468 and s.
36
Let g be 2/6*(-2 - -8). Suppose g*n + 146 = k, -5*n + 285 = 2*k - 2*n. Let u = 1877 + -1861. What is the greatest common divisor of k and u?
16
Let o be (6/(-6))/(1/77). Let g = o - -78. Let q be (-26 - g)/((-3)/2). What is the greatest common factor of q and 90?
18
Suppose 2721 = 2*b + 5*h, b - 1363 = -16*h + 11*h. Calculate the highest common divisor of 291 and b.
97
Let m be -6*(-20)/36*1638/65. Calculate the highest common factor of m and 994.
14
Let m = 1862 + -1330. What is the greatest common factor of m and 364?
28
Let c be (0 + 1)*6/(-3). Let q = 4 + c. Suppose -15*f + 11*f = -12. Calculate the highest common factor of q and f.
1
Suppose -94 - 121 = -5*k. Let g = k - 37. Suppose -g - 8 = -2*q. Calculate the highest common factor of q and 28.
7
Let l be (-1 - -2) + (4 - -1) + 161. Let r = l - 158. What is the highest common divisor of 189 and r?
9
Let n be -10*8/(64/220). Let w = n + 336. What is the highest common factor of 61 and w?
61
Let k be 5*(0 - 408/(-15)) - (-2456)/(-307). What is the greatest common divisor of k and 596?
4
Suppose -d + 4*b + 12 = 0, 4*d = 3*d - 2*b + 6. Let p be d/20 - 515/(-25). What is the gr